{"id":4347,"date":"2023-10-30T15:07:58","date_gmt":"2023-10-30T14:07:58","guid":{"rendered":"https:\/\/www.darelmaq.com\/helpie_faq\/como-usar-la-sauna-privada-en-dar-el-maq-asilah\/"},"modified":"2023-10-30T15:08:40","modified_gmt":"2023-10-30T14:08:40","slug":"como-usar-la-sauna-privada-en-dar-el-maq-asilah","status":"publish","type":"helpie_faq","link":"https:\/\/www.darelmaq.com\/en\/helpie_faq\/como-usar-la-sauna-privada-en-dar-el-maq-asilah\/","title":{"rendered":"\u00bfC\u00f3mo usar la sauna privada en DAR EL MAQ Asilah?"},"content":{"rendered":"<p>Nuestra casa de vacaciones en DAR EL MAQ Asilah, cuenta con un sauna que le permitir\u00e1 relajarse y revitalizarse durante su estancia. Este sauna ha sido dise\u00f1ado para ofrecerle una experiencia de bienestar y relajaci\u00f3n total. Con su ambiente c\u00e1lido y acogedor, es el lugar ideal para desconectar y liberar el estr\u00e9s despu\u00e9s de un d\u00eda de exploraci\u00f3n en Asilah. Puede disfrutar de sesiones de sauna privadas en cualquier momento, lo que har\u00e1 que su estancia en DAR EL MAQ sea a\u00fan m\u00e1s agradable.<\/p>\n<ol>\n<li>Prepara el sauna para alcanzar la temperatura deseada.<\/li>\n<li>Coloque una toalla en el banco antes de sentarse.<\/li>\n<li>Se recomienda una sesi\u00f3n de 10 a 20 minutos.<\/li>\n<\/ol>\n","protected":false},"excerpt":{"rendered":"<p>Nuestra casa de vacaciones en DAR EL MAQ Asilah, cuenta con un sauna que le permitir\u00e1 relajarse y revitalizarse durante [&hellip;]<\/p>\n","protected":false},"author":1,"featured_media":0,"menu_order":0,"comment_status":"closed","ping_status":"closed","template":"","format":"standard","meta":{"footnotes":""},"helpie_faq_category":[231],"helpie_faq_group":[251],"class_list":["post-4347","helpie_faq","type-helpie_faq","status-publish","format-standard","hentry","helpie_faq_category-divers","helpie_faq_group-preguntas-frecuentes"],"yoast_head":"<!-- This site is optimized with the Yoast SEO plugin v27.5 - https:\/\/yoast.com\/product\/yoast-seo-wordpress\/ -->\n<title>\u00bfC\u00f3mo usar la sauna privada en DAR EL MAQ Asilah? - Dar el Maq<\/title>\n<meta name=\"robots\" content=\"index, follow, max-snippet:-1, max-image-preview:large, max-video-preview:-1\" \/>\n<link rel=\"canonical\" href=\"https:\/\/www.darelmaq.com\/en\/helpie_faq\/como-usar-la-sauna-privada-en-dar-el-maq-asilah\/\" \/>\n<meta property=\"og:locale\" content=\"en_US\" \/>\n<meta property=\"og:type\" content=\"article\" \/>\n<meta property=\"og:title\" content=\"\u00bfC\u00f3mo usar la sauna privada en DAR EL MAQ Asilah? - Dar el Maq\" \/>\n<meta property=\"og:description\" content=\"Nuestra casa de vacaciones en DAR EL MAQ Asilah, cuenta con un sauna que le permitir\u00e1 relajarse y revitalizarse durante [&hellip;]\" \/>\n<meta property=\"og:url\" content=\"https:\/\/www.darelmaq.com\/en\/helpie_faq\/como-usar-la-sauna-privada-en-dar-el-maq-asilah\/\" \/>\n<meta property=\"og:site_name\" content=\"Dar el Maq\" \/>\n<meta property=\"article:modified_time\" content=\"2023-10-30T14:08:40+00:00\" \/>\n<meta name=\"twitter:card\" content=\"summary_large_image\" \/>\n<meta name=\"twitter:label1\" content=\"Est. reading time\" \/>\n\t<meta name=\"twitter:data1\" content=\"1 minute\" \/>\n<script type=\"application\/ld+json\" class=\"yoast-schema-graph\">{\"@context\":\"https:\\\/\\\/schema.org\",\"@graph\":[{\"@type\":\"WebPage\",\"@id\":\"https:\\\/\\\/www.darelmaq.com\\\/en\\\/helpie_faq\\\/como-usar-la-sauna-privada-en-dar-el-maq-asilah\\\/\",\"url\":\"https:\\\/\\\/www.darelmaq.com\\\/en\\\/helpie_faq\\\/como-usar-la-sauna-privada-en-dar-el-maq-asilah\\\/\",\"name\":\"\u00bfC\u00f3mo usar la sauna privada en DAR EL MAQ Asilah? - Dar el Maq\",\"isPartOf\":{\"@id\":\"https:\\\/\\\/www.darelmaq.com\\\/en\\\/#website\"},\"datePublished\":\"2023-10-30T14:07:58+00:00\",\"dateModified\":\"2023-10-30T14:08:40+00:00\",\"breadcrumb\":{\"@id\":\"https:\\\/\\\/www.darelmaq.com\\\/en\\\/helpie_faq\\\/como-usar-la-sauna-privada-en-dar-el-maq-asilah\\\/#breadcrumb\"},\"inLanguage\":\"en-US\",\"potentialAction\":[{\"@type\":\"ReadAction\",\"target\":[\"https:\\\/\\\/www.darelmaq.com\\\/en\\\/helpie_faq\\\/como-usar-la-sauna-privada-en-dar-el-maq-asilah\\\/\"]}]},{\"@type\":\"BreadcrumbList\",\"@id\":\"https:\\\/\\\/www.darelmaq.com\\\/en\\\/helpie_faq\\\/como-usar-la-sauna-privada-en-dar-el-maq-asilah\\\/#breadcrumb\",\"itemListElement\":[{\"@type\":\"ListItem\",\"position\":1,\"name\":\"Accueil\",\"item\":\"https:\\\/\\\/www.darelmaq.com\\\/en\\\/\"},{\"@type\":\"ListItem\",\"position\":2,\"name\":\"FAQs\",\"item\":\"https:\\\/\\\/www.darelmaq.com\\\/en\\\/helpie_faq\\\/\"},{\"@type\":\"ListItem\",\"position\":3,\"name\":\"\u00bfC\u00f3mo usar la sauna privada en DAR EL MAQ Asilah?\"}]},{\"@type\":\"WebSite\",\"@id\":\"https:\\\/\\\/www.darelmaq.com\\\/en\\\/#website\",\"url\":\"https:\\\/\\\/www.darelmaq.com\\\/en\\\/\",\"name\":\"Dar el Maq\",\"description\":\"Dar el maq, vue oc\u00e9an et sauna\",\"publisher\":{\"@id\":\"https:\\\/\\\/www.darelmaq.com\\\/en\\\/#organization\"},\"potentialAction\":[{\"@type\":\"SearchAction\",\"target\":{\"@type\":\"EntryPoint\",\"urlTemplate\":\"https:\\\/\\\/www.darelmaq.com\\\/en\\\/?s={search_term_string}\"},\"query-input\":{\"@type\":\"PropertyValueSpecification\",\"valueRequired\":true,\"valueName\":\"search_term_string\"}}],\"inLanguage\":\"en-US\"},{\"@type\":\"Organization\",\"@id\":\"https:\\\/\\\/www.darelmaq.com\\\/en\\\/#organization\",\"name\":\"Dar el Maq\",\"url\":\"https:\\\/\\\/www.darelmaq.com\\\/en\\\/\",\"logo\":{\"@type\":\"ImageObject\",\"inLanguage\":\"en-US\",\"@id\":\"https:\\\/\\\/www.darelmaq.com\\\/en\\\/#\\\/schema\\\/logo\\\/image\\\/\",\"url\":\"https:\\\/\\\/www.darelmaq.com\\\/wp-content\\\/uploads\\\/2022\\\/08\\\/plaque-dar-el-maq-scaled.jpg\",\"contentUrl\":\"https:\\\/\\\/www.darelmaq.com\\\/wp-content\\\/uploads\\\/2022\\\/08\\\/plaque-dar-el-maq-scaled.jpg\",\"width\":2560,\"height\":1707,\"caption\":\"Dar el Maq\"},\"image\":{\"@id\":\"https:\\\/\\\/www.darelmaq.com\\\/en\\\/#\\\/schema\\\/logo\\\/image\\\/\"},\"sameAs\":[\"https:\\\/\\\/www.instagram.com\\\/darelmaq_asilah\\\/yoast\"]}]}<\/script>\n<!-- \/ Yoast SEO plugin. -->","yoast_head_json":{"title":"\u00bfC\u00f3mo usar la sauna privada en DAR EL MAQ Asilah? - Dar el Maq","robots":{"index":"index","follow":"follow","max-snippet":"max-snippet:-1","max-image-preview":"max-image-preview:large","max-video-preview":"max-video-preview:-1"},"canonical":"https:\/\/www.darelmaq.com\/en\/helpie_faq\/como-usar-la-sauna-privada-en-dar-el-maq-asilah\/","og_locale":"en_US","og_type":"article","og_title":"\u00bfC\u00f3mo usar la sauna privada en DAR EL MAQ Asilah? - Dar el Maq","og_description":"Nuestra casa de vacaciones en DAR EL MAQ Asilah, cuenta con un sauna que le permitir\u00e1 relajarse y revitalizarse durante [&hellip;]","og_url":"https:\/\/www.darelmaq.com\/en\/helpie_faq\/como-usar-la-sauna-privada-en-dar-el-maq-asilah\/","og_site_name":"Dar el Maq","article_modified_time":"2023-10-30T14:08:40+00:00","twitter_card":"summary_large_image","twitter_misc":{"Est. reading time":"1 minute"},"schema":{"@context":"https:\/\/schema.org","@graph":[{"@type":"WebPage","@id":"https:\/\/www.darelmaq.com\/en\/helpie_faq\/como-usar-la-sauna-privada-en-dar-el-maq-asilah\/","url":"https:\/\/www.darelmaq.com\/en\/helpie_faq\/como-usar-la-sauna-privada-en-dar-el-maq-asilah\/","name":"\u00bfC\u00f3mo usar la sauna privada en DAR EL MAQ Asilah? - Dar el Maq","isPartOf":{"@id":"https:\/\/www.darelmaq.com\/en\/#website"},"datePublished":"2023-10-30T14:07:58+00:00","dateModified":"2023-10-30T14:08:40+00:00","breadcrumb":{"@id":"https:\/\/www.darelmaq.com\/en\/helpie_faq\/como-usar-la-sauna-privada-en-dar-el-maq-asilah\/#breadcrumb"},"inLanguage":"en-US","potentialAction":[{"@type":"ReadAction","target":["https:\/\/www.darelmaq.com\/en\/helpie_faq\/como-usar-la-sauna-privada-en-dar-el-maq-asilah\/"]}]},{"@type":"BreadcrumbList","@id":"https:\/\/www.darelmaq.com\/en\/helpie_faq\/como-usar-la-sauna-privada-en-dar-el-maq-asilah\/#breadcrumb","itemListElement":[{"@type":"ListItem","position":1,"name":"Accueil","item":"https:\/\/www.darelmaq.com\/en\/"},{"@type":"ListItem","position":2,"name":"FAQs","item":"https:\/\/www.darelmaq.com\/en\/helpie_faq\/"},{"@type":"ListItem","position":3,"name":"\u00bfC\u00f3mo usar la sauna privada en DAR EL MAQ Asilah?"}]},{"@type":"WebSite","@id":"https:\/\/www.darelmaq.com\/en\/#website","url":"https:\/\/www.darelmaq.com\/en\/","name":"Dar el Maq","description":"Dar el maq, vue oc\u00e9an et sauna","publisher":{"@id":"https:\/\/www.darelmaq.com\/en\/#organization"},"potentialAction":[{"@type":"SearchAction","target":{"@type":"EntryPoint","urlTemplate":"https:\/\/www.darelmaq.com\/en\/?s={search_term_string}"},"query-input":{"@type":"PropertyValueSpecification","valueRequired":true,"valueName":"search_term_string"}}],"inLanguage":"en-US"},{"@type":"Organization","@id":"https:\/\/www.darelmaq.com\/en\/#organization","name":"Dar el Maq","url":"https:\/\/www.darelmaq.com\/en\/","logo":{"@type":"ImageObject","inLanguage":"en-US","@id":"https:\/\/www.darelmaq.com\/en\/#\/schema\/logo\/image\/","url":"https:\/\/www.darelmaq.com\/wp-content\/uploads\/2022\/08\/plaque-dar-el-maq-scaled.jpg","contentUrl":"https:\/\/www.darelmaq.com\/wp-content\/uploads\/2022\/08\/plaque-dar-el-maq-scaled.jpg","width":2560,"height":1707,"caption":"Dar el Maq"},"image":{"@id":"https:\/\/www.darelmaq.com\/en\/#\/schema\/logo\/image\/"},"sameAs":["https:\/\/www.instagram.com\/darelmaq_asilah\/yoast"]}]}},"_links":{"self":[{"href":"https:\/\/www.darelmaq.com\/en\/wp-json\/wp\/v2\/helpie_faq\/4347","targetHints":{"allow":["GET"]}}],"collection":[{"href":"https:\/\/www.darelmaq.com\/en\/wp-json\/wp\/v2\/helpie_faq"}],"about":[{"href":"https:\/\/www.darelmaq.com\/en\/wp-json\/wp\/v2\/types\/helpie_faq"}],"author":[{"embeddable":true,"href":"https:\/\/www.darelmaq.com\/en\/wp-json\/wp\/v2\/users\/1"}],"replies":[{"embeddable":true,"href":"https:\/\/www.darelmaq.com\/en\/wp-json\/wp\/v2\/comments?post=4347"}],"version-history":[{"count":1,"href":"https:\/\/www.darelmaq.com\/en\/wp-json\/wp\/v2\/helpie_faq\/4347\/revisions"}],"predecessor-version":[{"id":4350,"href":"https:\/\/www.darelmaq.com\/en\/wp-json\/wp\/v2\/helpie_faq\/4347\/revisions\/4350"}],"wp:attachment":[{"href":"https:\/\/www.darelmaq.com\/en\/wp-json\/wp\/v2\/media?parent=4347"}],"wp:term":[{"taxonomy":"helpie_faq_category","embeddable":true,"href":"https:\/\/www.darelmaq.com\/en\/wp-json\/wp\/v2\/helpie_faq_category?post=4347"},{"taxonomy":"helpie_faq_group","embeddable":true,"href":"https:\/\/www.darelmaq.com\/en\/wp-json\/wp\/v2\/helpie_faq_group?post=4347"}],"curies":[{"name":"wp","href":"https:\/\/api.w.org\/{rel}","templated":true}]}}

¿Cómo usar la sauna privada en DAR EL MAQ Asilah?

<p>Nuestra casa de vacaciones en DAR EL MAQ Asilah, cuenta con un sauna que le permitirá relajarse y revitalizarse durante su estancia. Este sauna ha sido diseñado para ofrecerle una experiencia de bienestar y relajación total. Con su ambiente cálido y acogedor, es el lugar ideal para desconectar y liberar el estrés después de un día de exploración en Asilah. Puede disfrutar de sesiones de sauna privadas en cualquier momento, lo que hará que su estancia en DAR EL MAQ sea aún más agradable.</p>
<ol>
<li>Prepara el sauna para alcanzar la temperatura deseada.</li>
<li>Coloque una toalla en el banco antes de sentarse.</li>
<li>Se recomienda una sesión de 10 a 20 minutos.</li>
</ol>

<p>Nuestra casa de vacaciones en DAR EL MAQ Asilah, cuenta con un sauna que le permitirá relajarse y revitalizarse durante [&hellip;]</p>

<!-- This site is optimized with the Yoast SEO plugin v27.5 - https://yoast.com/product/yoast-seo-wordpress/ -->
<title>¿Cómo usar la sauna privada en DAR EL MAQ Asilah? - Dar el Maq</title>
<meta name="robots" content="index, follow, max-snippet:-1, max-image-preview:large, max-video-preview:-1" />
<link rel="canonical" href="https://www.darelmaq.com/en/helpie_faq/como-usar-la-sauna-privada-en-dar-el-maq-asilah/" />
<meta property="og:locale" content="en_US" />
<meta property="og:type" content="article" />
<meta property="og:title" content="¿Cómo usar la sauna privada en DAR EL MAQ Asilah? - Dar el Maq" />
<meta property="og:description" content="Nuestra casa de vacaciones en DAR EL MAQ Asilah, cuenta con un sauna que le permitirá relajarse y revitalizarse durante [&hellip;]" />
<meta property="og:url" content="https://www.darelmaq.com/en/helpie_faq/como-usar-la-sauna-privada-en-dar-el-maq-asilah/" />
<meta property="og:site_name" content="Dar el Maq" />
<meta property="article:modified_time" content="2023-10-30T14:08:40+00:00" />
<meta name="twitter:card" content="summary_large_image" />
<meta name="twitter:label1" content="Est. reading time" />
	<meta name="twitter:data1" content="1 minute" />
<script type="application/ld+json" class="yoast-schema-graph">{"@context":"https:\/\/schema.org","@graph":[{"@type":"WebPage","@id":"https:\/\/www.darelmaq.com\/en\/helpie_faq\/como-usar-la-sauna-privada-en-dar-el-maq-asilah\/","url":"https:\/\/www.darelmaq.com\/en\/helpie_faq\/como-usar-la-sauna-privada-en-dar-el-maq-asilah\/","name":"¿Cómo usar la sauna privada en DAR EL MAQ Asilah? - Dar el Maq","isPartOf":{"@id":"https:\/\/www.darelmaq.com\/en\/#website"},"datePublished":"2023-10-30T14:07:58+00:00","dateModified":"2023-10-30T14:08:40+00:00","breadcrumb":{"@id":"https:\/\/www.darelmaq.com\/en\/helpie_faq\/como-usar-la-sauna-privada-en-dar-el-maq-asilah\/#breadcrumb"},"inLanguage":"en-US","potentialAction":[{"@type":"ReadAction","target":["https:\/\/www.darelmaq.com\/en\/helpie_faq\/como-usar-la-sauna-privada-en-dar-el-maq-asilah\/"]}]},{"@type":"BreadcrumbList","@id":"https:\/\/www.darelmaq.com\/en\/helpie_faq\/como-usar-la-sauna-privada-en-dar-el-maq-asilah\/#breadcrumb","itemListElement":[{"@type":"ListItem","position":1,"name":"Accueil","item":"https:\/\/www.darelmaq.com\/en\/"},{"@type":"ListItem","position":2,"name":"FAQs","item":"https:\/\/www.darelmaq.com\/en\/helpie_faq\/"},{"@type":"ListItem","position":3,"name":"¿Cómo usar la sauna privada en DAR EL MAQ Asilah?"}]},{"@type":"WebSite","@id":"https:\/\/www.darelmaq.com\/en\/#website","url":"https:\/\/www.darelmaq.com\/en\/","name":"Dar el Maq","description":"Dar el maq, vue océan et sauna","publisher":{"@id":"https:\/\/www.darelmaq.com\/en\/#organization"},"potentialAction":[{"@type":"SearchAction","target":{"@type":"EntryPoint","urlTemplate":"https:\/\/www.darelmaq.com\/en\/?s={search_term_string}"},"query-input":{"@type":"PropertyValueSpecification","valueRequired":true,"valueName":"search_term_string"}}],"inLanguage":"en-US"},{"@type":"Organization","@id":"https:\/\/www.darelmaq.com\/en\/#organization","name":"Dar el Maq","url":"https:\/\/www.darelmaq.com\/en\/","logo":{"@type":"ImageObject","inLanguage":"en-US","@id":"https:\/\/www.darelmaq.com\/en\/#\/schema\/logo\/image\/","url":"https:\/\/www.darelmaq.com\/wp-content\/uploads\/2022\/08\/plaque-dar-el-maq-scaled.jpg","contentUrl":"https:\/\/www.darelmaq.com\/wp-content\/uploads\/2022\/08\/plaque-dar-el-maq-scaled.jpg","width":2560,"height":1707,"caption":"Dar el Maq"},"image":{"@id":"https:\/\/www.darelmaq.com\/en\/#\/schema\/logo\/image\/"},"sameAs":["https:\/\/www.instagram.com\/darelmaq_asilah\/yoast"]}]}</script>
<!-- / Yoast SEO plugin. -->

¿Cómo usar la sauna privada en DAR EL MAQ Asilah? - Dar el Maq

Nuestra casa de vacaciones en DAR EL MAQ Asilah, cuenta con un sauna que le permitirá relajarse y revitalizarse durante [&hellip;]

Dar el maq, vue océan et sauna
